is the units digit of n?
5
Let y(k) = k + k**3 - 2*k + 0*k - 3*k**2 + 5. Let w = -46 + 50. What is the units digit of y(w)?
7
Suppose 5*w = w + 4. Suppose -w + 11 = 2*s. Suppose 25 = 3*q - s. What is the tens digit of q?
1
What is the thousands digit of (4/(-6))/((-38)/219963)?
3
Let w be 18 + (5 - 1) + -6. Let b = -11 + w. Suppose 3 = -l + b*k - 2*k, -3*l + 41 = k. What is the tens digit of l?
1
Let i = -7 - -12. Suppose -i*y - k = -24, -6*k + 4*k + 8 = 2*y. Suppose y*g - w - 220 = -4*w, 31 = g - 2*w. What is the units digit of g?
1
Let c(f) = 1018*f**2 - 3*f + 5. What is the tens digit of c(1)?
2
Let u(v) = -v**3 + 15*v**2 + 34*v + 44. What is the hundreds digit of u(-14)?
2
Let w be 16250/(-15) - (-1)/3. Let k be w/(-21) - (-8)/(-14). Let q = k + -13. What is the tens digit of q?
3
Let v(a) = -18*a**3 - a**2 + a + 1. Suppose j = -x - 3*j + 11, 4*j = 5*x + 17. What is the units digit of v(x)?
7
Let m = -4683 + 6970. What is the tens digit of m?
8
Suppose -3*x + 8 = 4*m + x, -5*x = 4*m - 8. Suppose m*h - h = 60. Suppose -2*k = -5*k + h. What is the units digit of k?
0
Let g(a) be the first derivative of a**6/360 + a**5/60 - a**4/3 + 4*a**3/3 + 5. Let q(v) be the third derivative of g(v). What is the units digit of q(-6)?
6
Let f(s) = -12*s - 5. Suppose 25 = -3*l + 10. What is the units digit of f(l)?
5
Let n(w) = -w**3 - 4*w**2 + 5. Let z be n(-4). Suppose -2*p = 12*l - 8*l - 8, -5*p = 0. Suppose -g + z*a + 8 = -0*a, 5*a + l = -g. What is the units digit of g?
3
Let w = 6 - 4. Suppose c - 8*d - 15 = -3*d, 2*c + w*d - 30 = 0. What is the tens digit of (-2 - 3)*(-66)/c?
2
Let o(x) be the second derivative of -3*x**2 - 1/20*x**5 + 0 + 5/12*x**4 + 1/2*x**3 - x. What is the units digit of o(4)?
2
Suppose -c + w = 2*w - 66, -c = -5*w - 36. What is the tens digit of c?
6
Let v = -1438 - -2048. What is the hundreds digit of v?
6
Let a(m) = -m**2 - 9*m + 3. Let f be a(-10). Let d = 11 + f. Suppose -3*v = v - d. What is the units digit of v?
1
Let t(a) = -a**3 - 9*a**2 - 4*a - 11. Let n be t(-9). Let p = 52 - n. What is the units digit of p?
7
Suppose 6*z - 1866 = 4*z - 5*o, -o = 2*z - 1858. What is the tens digit of z?
2
Suppose 5*r - 45 - 55 = 0. Suppose 0 = f - 5, -f = u - 2*u - r. Let z = -10 - u. What is the units digit of z?
5
Suppose -q = -b + 3 - 5, b = 3. Let n(v) = v**3 - 4*v**2 + 3*v - 11. What is the units digit of n(q)?
9
Suppose 5*v - 4*i = 3 - 14, 0 = -3*v - i + 7. What is the units digit of v*-2 + 218 + -12?
4
Suppose 0 = 4*g - 4*h - 28, 3*g - 4*h - 38 = -12. Let a(l) = -7 - 4*l**g - l + 2*l + 2*l**2 + 3*l**2. What is the units digit of a(5)?
3
Let t be (3*(-2)/8)/((-1)/4). Suppose 0*j + 5 = -3*p - 2*j, t*p - 3*j - 15 = 0. What is the units digit of p?
1
What is the tens digit of -8 - 20/(-4) - 394/(-2)?
9
Suppose 0 = 3*p, 5*x - 2010 = -0*p - 2*p. What is the hundreds digit of x?
4
Let l(m) = 67*m**3 + 6*m - 5. Let y(w) = -67*w**3 - 7*w + 6. Let d(v) = -6*l(v) - 5*y(v). What is the units digit of d(-1)?
8
Suppose 16*h - 186 = -74. What is the units digit of h?
7
Let x(p) = p**3 - 3*p**2 - 2*p - 37. What is the hundreds digit of x(11)?
9
Let w = 1884 - -321. What is the tens digit of w?
0
Suppose 34*g - 49502 = -7716. What is the tens digit of g?
2
Let r(p) = 4*p**2 + p - 252. What is the thousands digit of r(-20)?
1
Let l = 248 - -213. What is the hundreds digit of l?
4
Let w = -404 + 1281. What is the hundreds digit of w?
8
What is the units digit of ((-2)/(-16)*-102)/((-12)/32)?
4
Suppose -m + 32 = 81. Let v = 97 + m. What is the tens digit of v?
4
Suppose -5*r - g + 5*g - 16 = 0, 0 = -4*r + 4*g - 12. Let k be ((-86)/r - -2)*2. Suppose 19 = c + 3*j, 9*c - j = 4*c + k. What is the units digit of c?
0
What is the tens digit of 1560/15 + (2 - 3) + -1?
0
Let r be (2 + 20)*(-5 - (-3 - 0)). Let d = r + 52. What is the units digit of d?
8
Suppose 70 - 1094 = -z. What is the hundreds digit of z?
0
Let i = 48 + -36. What is the tens digit of i/(-42) - 555/(-7)?
7
What is the hundreds digit of (-33822)/27*(-6 + 3)?
7
Suppose -945 - 4185 = -10*d. What is the hundreds digit of d?
5
Let v = -6103 + 8931. What is the hundreds digit of v?
8
Let h(a) = a**2 - 3*a. Let b = 48 + -44. What is the units digit of h(b)?
4
Suppose 0 = -5*b + 8*b - 648. Suppose b + 200 = 2*w. What is the units digit of w?
8
Suppose -4*f - 331 + 107 = 0. Let c = f + 103. What is the units digit of c?
7
Let o(t) = t**3 - 33*t**2 + 48*t + 149. What is the thousands digit of o(34)?
2
What is the units digit of (-852)/(-30) - (-6)/(-15)?
8
Let z be 8*((-4)/10)/(24/30). Suppose -3*c = 4*f + f - 7, -4*f = -2*c + 12. What is the units digit of ((-1)/z)/(f/(-36))?
9
Let m be 2/3*15/2. Suppose 10 = -m*q, -q - 6 = -2*w - 2*q. Suppose 3*g = -5*h + 28, w*h = 2*g - 0*h - 26. What is the units digit of g?
1
Let z(q) = q**3 - 15*q**2 + 21*q - 13. Let u be z(14). Suppose 4*a + a = u. What is the units digit of a?
7
Let i(k) = k**2 - k. Let s be i(2). Suppose 6 = 5*v + 4*n, 0*n = 2*n + s. Suppose -3*h = -v*h - 5. What is the units digit of h?
5
Suppose -10 = -24*x + 22*x, -3*z + 2*x = -515. What is the tens digit of z?
7
Let n(i) = -i + 7. Let p be n(8). Let r be ((-78)/13)/(1/p). Suppose 9*f - 111 = r*f. What is the tens digit of f?
3
Let o = -29 + -12. Let g = 45 + o. What is the units digit of g?
4
Let a = -16 + 19. Suppose -a*z + 148 = z. Suppose -2*g + 2*j + 28 = 0, 0*g + z = 3*g - 2*j. What is the units digit of g?
9
Let g = -612 - -3162. What is the units digit of g?
0
Let s = 1649 + -854. What is the units digit of s?
5
Let b = -1150 + 2255. Suppose -b = -5*s + 2*h, s + 6*h - 248 = h. What is the tens digit of s?
2
Suppose -p + u - 5 = -3*u, -9 = 4*p - 5*u. What is the units digit of p/((-18)/1436) + (-16)/(-72)?
0
Let r(f) = -f**3 + 12*f**2 + 14*f - 10. Let y be r(13). Suppose 10*u = 7*u - y. Let o(n) = -16*n - 2. What is the tens digit of o(u)?
1
Suppose 14*l = 9*l - 540. Let h be 10/(-65) - l/26. What is the units digit of (0 - 2)*(-17 + h)?
6
Let a(u) = u**3 - 14*u**2 + 20*u - 30. Suppose 3*h - 9 = 0, -3*g - 3*h = -h. Let t be g/(-10) + (-128)/(-10). What is the units digit of a(t)?
1
Suppose 5*w + 2 + 138 = 4*u, -5*w = 0. Let b be (u/5 - 3)*2. Suppose -57 + 417 = b*k. What is the units digit of k?
5
Suppose 1931 = j - 5*d, -6*j + 4*j = -2*d - 3862. What is the tens digit of j?
3
Let z be 10/(-3) + (-2)/(-6). Let p = 8 - 20. What is the units digit of z - p/((-3)/(-1))?
1
Let o be ((-70)/15)/(-1*(-2)/9). Let y be (-93)/2 - (-2)/(-4). Let s = o - y. What is the units digit of s?
6
Let f be 764/12 - (0 + 3/(-9)). Let j = f + 157. What is the tens digit of j?
2
Let o be (-6)/(-10) + (-21)/(-15). Suppose 3 = -3*l, -o*u + l - 2*l + 5 = 0. Suppose 0 = 2*y + x - 46, 0 = -u*y - 4*x + 18 + 51. What is the tens digit of y?
2
Suppose -30 = 3*x - 12. Let k(f) = -16*f. What is the tens digit of k(x)?
9
Let u = -560 - -792. What is the units digit of u?
2
Let o(s) = -13 - 8*s - 15 + 21. Let f be o(-5). Suppose 0 = 4*x + d - f, 0 = 2*x - 4*d + 3*d - 9. What is the units digit of x?
7
Let c = 653 - 393. What is the hundreds digit of c?
2
Suppose 0 = 2*s - 4*s - 2*n - 10, 2*n + 6 = 0. Let h(b) = -4*b**3 + 3*b**2 + 2*b - 1. Let p be h(s). Suppose p - 137 = -2*d. What is the units digit of d?
9
Let h(u) = u + 15. Let g be h(-10). Suppose g*j + 0*j - 615 = 0. What is the tens digit of j?
2
Suppose -x + 123 = -133. What is the tens digit of x?
5
Suppose 293 = -2*z - 3*j, 0*j + 4*j = -2*z - 298. Let w = z + 255. What is the units digit of w?
6
Suppose -2*y = -4*m + 5 + 27, 4*y + 43 = 5*m. Suppose 0 = 11*b - m*b + 2*i - 120, -4*b + 108 = -i. What is the tens digit of b?
2
Let m(p) = 351*p**3 - 5*p**2 + 10*p + 1. What is the units digit of m(2)?
9
Suppose 24 = 4*a - 0*a. Suppose a*t + 39 = 3. What is the units digit of (3 + 20/t)*-24?
8
Let z = 1372 - 3277. What is the units digit of ((-4)/(-12))/((-5)/z)?
7
Let f = 4552 + -1223. What is the thousands digit of f?
3
Suppose 17 - 1 = -8*x. What is the tens digit of 100 + 0 - 4*(-1)/x?
9
Suppose -5*l = -4*l. Suppose l*x - 8 = -4*x. Suppose -5*n + 4*s = -120, -x*n + 2*s = -s - 48. What is the tens digit of n?
2
Suppose 4*q + 4*m - 1656 = 0, -5*q - m - 3*m + 2070 = 0. What is the hundreds digit of q?
4
Let d = 25 + -20. Suppose -1 - d = -p. What is the u